486163 (base 9) to base 2
-1000111100101001100
Convert -1026537 (base 9) to base 5.
-120040001
What is -436d7 (base 14) in base 13?
-59407
What is 10536554 (base 7) in base 2?
11011111111010000011
21477534 (base 8) to base 10
4620124
-3845840 (base 9) to base 12
-851860
-125368 (base 9) to base 4
-102211121
13480586 (base 9) to base 6
354515123
Convert -54278 (base 16) to base 13.
-c0b81
What is 8958e (base 16) in base 14?
10903c
What is 1a361 (base 16) in base 12?
52169
-2681851 (base 9) to base 4
-11213021233
Convert -42485 (base 15) to base 13.
-74930
3002579 (base 10) to base 13
811898
-15401013 (base 6) to base 10
-544545
Convert -1102521224 (base 6) to base 2.
-101101010111011010110000
Convert 19aa3 (base 16) to base 7.
615324
Convert 831014 (base 9) to base 3.
221001000111
Convert 10110011011110000100110 (base 2) to base 3.
102001210001000
Convert 8b81b (base 12) to base 3.
100110020112
Convert 132194 (base 11) to base 6.
4242152
What is 897b7 (base 12) in base 15?
39177
-3111111 (base 10) to base 8
-13674307
Convert 11883a (base 14) to base 9.
1113707
2673332 (base 8) to base 9
1364552
96a455 (base 12) to base 9
4430222
What is 15700237 (base 10) in base 7?
250310200
What is 14500764 (base 8) in base 9?
6204503
260670 (base 11) to base 10
410751
What is -112001012011001 (base 3) in base 14?
-dc3d91
What is -11e57c (base 15) in base 14?
-184c0c
bb18d (base 14) to base 12
19a249
What is -210004311 (base 5) in base 13?
-241566
Convert -2a88 (base 11) to base 9.
-5388
10213013203 (base 4) to base 14
236751
What is 11011010110001011101 (base 2) in base 4?
3122301131
What is -49a245 (base 12) in base 2?
-100100100110111010101
Convert -53305330 (base 6) to base 12.
-635246
What is -1729b2 (base 12) in base 3?
-202021010222
Convert -a0c2a4 (base 16) to base 8.
-50141244
Convert -455191 (base 13) to base 14.
-309573
Convert -221771 (base 10) to base 16.
-3624b
223707 (base 9) to base 14
36b81
-363430 (base 11) to base 9
-1066404
Convert 7813365 (base 10) to base 12.
2749759
Convert -1011010101001001001011 (base 2) to base 8.
-13251113
-38066 (base 11) to base 6
-1100551
203044 (base 9) to base 15
259ba
Convert 1010011101100001001101 (base 2) to base 10.
2742349
-1020450 (base 8) to base 4
-1002010220
What is 252662 (base 10) in base 7?
2101424
What is 13152552 (base 6) in base 11?
277747
Convert -11200213 (base 5) to base 11.
-691a2
-91a220 (base 14) to base 5
-2224003232
What is 5aa524 (base 13) in base 11?
124959a
What is 24137b9 (base 12) in base 9?
14140416
Convert 2011000112102 (base 3) to base 15.
178588
What is 4066515 (base 12) in base 7?
204450035
Convert -111453545 (base 6) to base 4.
-13303023221
Convert 689a30 (base 11) to base 3.
2001201022220
Convert -103151274 (base 8) to base 10.
-17617596
-110221000131 (base 4) to base 12
-198b339
-111320012032 (base 4) to base 8
-25700616
-10010110111000100 (base 2) to base 16
-12dc4
307736 (base 8) to base 15
204e6
What is 135015 (base 9) in base 15?
1962b
215237 (base 8) to base 6
1314543
Convert 21302131023 (base 4) to base 14.
4ab191
Convert -565741 (base 8) to base 9.
-321560
Convert -6232414 (base 7) to base 8.
-2664124
Convert -371c (base 16) to base 10.
-14108
Convert -243240014 (base 5) to base 2.
-100011000100111001000
Convert 119d2d (base 14) to base 10.
603525
Convert 15a7152 (base 12) to base 2.
10000111110011000001110
-104024010 (base 6) to base 5
-434312302
What is 3200243 (base 5) in base 8?
147716
What is -1111805 (base 12) in base 15?
-4456e2
What is 730662 (base 9) in base 12?
18aaa8
10372350 (base 8) to base 14
41d000
What is -a08 (base 15) in base 2?
-100011010010
Convert 101022022012000 (base 3) to base 15.
7330e6
What is 14768817 (base 9) in base 14?
d9b174
71b397 (base 12) to base 8
6630543
6584 (base 9) to base 6
34251
What is -414a620 (base 11) in base 14?
-d87873
Convert -2ca119 (base 14) to base 7.
-16203432
384924 (base 10) to base 2
1011101111110011100
29bb5 (base 15) to base 16
20c7e
548ec5 (base 15) to base 5
2012422320
Convert b4459 (base 14) to base 10.
434415
What is 100110100111110000111 (base 2) in base 14?
24d2bd
Convert -120111020120 (base 3) to base 6.
-10311323
205153255 (base 6) to base 13
99403a
What is 423233 (base 7) in base 14?
1c953
-2786920 (base 11) to base 14
-8cc0da
-101011202020121 (base 3) to base 9
-11152217
Convert -26433210 (base 7) to base 4.
-21100322001
Convert -31d59 (base 16) to base 13.
-71ba8
-529a05 (base 11) to base 4
-3032331303
Convert -618532 (base 10) to base 7.
-5154205
What is -106421035 (base 7) in base 3?
-110022102102211
What is 12120a3 (base 13) in base 12?
1a62217
Convert -251484 (base 11) to base 3.
-202011212122
22041 (base 15) to base 10
108061
Convert -255431 (base 8) to base 11.
-6083a
Convert -12b62a (base 13) to base 6.
-13420052
Convert -1545263 (base 9) to base 8.
-3211332
Convert -10010001001010010101 (base 2) to base 10.
-594581
What is 155042 (base 8) in base 13?
1c557
What is -101110100010101011101100 (base 2) in base 11?
-6983611
-6153000 (base 9) to base 2
-1100100001011011111111
What is 111101010011001 (base 2) in base 5?
2001020
Convert -1111311230 (base 6) to base 15.
-10e2c09
247665 (base 8) to base 2
10100111110110101
Convert -154e87 (base 15) to base 10.
-1029277
What is 46248 (base 15) in base 11?
142821
What is -6e6d7 (base 15) in base 5?
-42240202
Convert 1000101110010000111 (base 2) to base 11.
185827
Convert 2157a3 (base 11) to base 12.
147346
Convert -22401403 (base 5) to base 7.
-1462520
-475862 (base 10) to base 12
-1ab472
Convert 111100110100000 (base 2) to base 16.
79a0
-13353564 (base 7) to base 8
-4566254
1233103411 (base 6) to base 2
110111000001110010111111
What is -121111112110102 (base 3) in base 13?
-1a80751
Convert -17106432 (base 8) to base 4.
-33020310122
What is 100101010011101100010 (base 2) in base 10?
1222498
What is 293238 (base 10) in base 2?
1000111100101110110
Convert -1805999 (base 13) to base 2.
-11101110010101011111001
-1bbda (base 14) to base 16
-11524
Convert -3152354 (base 9) to base 3.
-10011202101211
Convert -103313303 (base 5) to base 11.
-286610
Convert -91aa3 (base 11) to base 14.
-36db9
755bdc (base 16) to base 14
1042cd6
100100011111100000001100 (base 2) to base 16
91f80c
What is -7cc07 (base 13) in base 16?
-37be6
-2833c57 (base 13) to base 11
-71a7524
What is -322a8 (base 16) in base 6?
-4223144
What is -11001101001100010 (base 2) in base 10?
-105058
What is -ef0ad (base 16) in base 10?
-979117
What is -2000012100 (base 3) in base 13?
-14ca3
Convert -51234323 (base 6) to base 11.
-912001
-113340220 (base 7) to base 14
-d03780
Convert 432110 (base 7) to base 16.
125a5
Convert 7103354 (base 9) to base 2.
1110011011001111101111
Convert -4524 (base 12) to base 10.
-7660
What is 9882ac (base 15) in base 8?
33561253
Convert -729245 (base 10) to base 3.
-1101001100002
7e6036 (base 15) to base 14
b34c28
Convert 202244003 (base 6) to base 16.
3502e3
What is 68e393 (base 15) in base 16?
4c6fa1
What is 96aede (base 15) in base 12?
24a0402
What is 599a (base 14) in base 5?
444440
Convert -142200141 (base 7) to base 6.
-531533003
-5573412 (base 9) to base 10
-3000899
-2ec15 (base 15) to base 12
-73618
What is 4287ca (base 13) in base 15?
20c8b4
b4cc5 (base 16) to base 13
1cc0c4
57cbb (base 14) to base 9
355251
Convert 5578062 (base 9) to base 7.
34351535
What is 630963 (base 13) in base 7?
25451253
Convert 558f2f (base 16) to base 8.
25307457
Convert -598d09 (base 14) to base 4.
-23222322231
Convert 22a3 (base 16) to base 13.
4061
-676112 (base 9) to base 14
-a76a3
101011001100000110001 (base 2) to base 16
159831
Convert 1111210220111 (base 3) to base 5.
201201130
What is -376136 (base 12) in base 10?
-902202
Convert 32aca (base 13) to base 9.
150087
What is -460601 (base 8) in base 12?
-76369
100000001110011100 (base 2) to base 14
36164
Convert -16655543 (base 7) to base 6.
-55124215
Convert -2103722 (base 9) to base 11.
-6a900a
faa5 (base 16) to base 6
1213021
What is -1013230011 (base 4) in base 13?
-a3866
Convert -101c16 (base 14) to base 9.
-1016686
10000303313 (base 4) to base 2
100000000110011110111
-293e (base 16) to base 11
-7a29
12022441 (base 7) to base 14
1d9d58
-1444610 (base 9) to base 4
-3002221230
443324202 (base 5) to base 8
7277374
What is -12243